{"id":47,"date":"2016-10-03T06:28:12","date_gmt":"2016-10-03T06:28:12","guid":{"rendered":"http:\/\/www.efico.es\/2.0\/?page_id=47"},"modified":"2019-09-10T17:54:41","modified_gmt":"2019-09-10T17:54:41","slug":"clases-de-refuerzo","status":"publish","type":"page","link":"https:\/\/www.efico.es\/2.0\/clases-de-refuerzo\/","title":{"rendered":"CLASES DE REFUERZO"},"content":{"rendered":"<table bgcolor=\"#ffFFFF\">\r\n<tbody>\r\n<tr>\r\n<td><img class=\"alignnone size-medium wp-image-175\" src=\"http:\/\/www.efico.es\/2.0\/wp-content\/uploads\/2016\/09\/Publicidad-Curso-2019-20-212x300.png\" alt=\"\" width=\"212\" height=\"300\" \/><\/td>\r\n<td>\r\n<p style=\"text-align: left;\"><strong>CLASES DE APOYO \u00a0\u00a0<\/strong>Ingl\u00e9s, Matem\u00e1ticas, F\u00edsica, Qu\u00edmica, Lengua, Biolog\u00eda, Contabilidad, Econom\u00eda, Historia,\u2026\u00a0(Impartimos todas las\u00a0materias y a todos los niveles).<\/p>\r\n<p style=\"text-align: left;\"><strong>PRUEBAS DE ACCESO \u00a0\u00a0<\/strong>Grado Medio y Superior, Univ. &gt; 25, PAU y Competencias Clave.<\/p>\r\n\r\n<div><b>INGL\u00c9S \u00a0 <\/b>Preparaci\u00f3n para Niveles A1, A2, B1, B2 y C1<\/div>\r\n<strong>GRUPOS DE REPASO \u00a0\u00a0<\/strong>3 horas\/semana para Primaria y ESO.\r\n\r\n<strong>GRUPOS DE INGL\u00c9S \u00a0\u00a0<\/strong>2 horas \/ semana para Infantil, Primaria y ESO.\r\n\r\n<strong>CURSOS DE OFIM\u00c1TICA \u00a0\u00a0<\/strong>Para ni\u00f1os y adultos.<\/td>\r\n<td><\/td>\r\n<\/tr>\r\n<\/tbody>\r\n<\/table>","protected":false},"excerpt":{"rendered":"<p>CLASES DE APOYO \u00a0\u00a0Ingl\u00e9s, Matem\u00e1ticas, F\u00edsica, Qu\u00edmica, Lengua, Biolog\u00eda, Contabilidad, Econom\u00eda, Historia,\u2026\u00a0(Impartimos todas las\u00a0materias y a todos los niveles). PRUEBAS DE ACCESO \u00a0\u00a0Grado Medio y Superior, Univ. &gt; 25, PAU y Competencias Clave. INGL\u00c9S \u00a0 Preparaci\u00f3n para Niveles A1, A2, B1, B2 y C1 GRUPOS DE REPASO \u00a0\u00a03 horas\/semana para Primaria y ESO. GRUPOS DE [&hellip;]<\/p>\n","protected":false},"author":1,"featured_media":0,"parent":0,"menu_order":0,"comment_status":"closed","ping_status":"closed","template":"","meta":[],"_links":{"self":[{"href":"https:\/\/www.efico.es\/2.0\/wp-json\/wp\/v2\/pages\/47"}],"collection":[{"href":"https:\/\/www.efico.es\/2.0\/wp-json\/wp\/v2\/pages"}],"about":[{"href":"https:\/\/www.efico.es\/2.0\/wp-json\/wp\/v2\/types\/page"}],"author":[{"embeddable":true,"href":"https:\/\/www.efico.es\/2.0\/wp-json\/wp\/v2\/users\/1"}],"replies":[{"embeddable":true,"href":"https:\/\/www.efico.es\/2.0\/wp-json\/wp\/v2\/comments?post=47"}],"version-history":[{"count":19,"href":"https:\/\/www.efico.es\/2.0\/wp-json\/wp\/v2\/pages\/47\/revisions"}],"predecessor-version":[{"id":177,"href":"https:\/\/www.efico.es\/2.0\/wp-json\/wp\/v2\/pages\/47\/revisions\/177"}],"wp:attachment":[{"href":"https:\/\/www.efico.es\/2.0\/wp-json\/wp\/v2\/media?parent=47"}],"curies":[{"name":"wp","href":"https:\/\/api.w.org\/{rel}","templated":true}]}}